s of z(32).
37, 2399
Let o(c) = c**3 + 21*c**2 - 26*c - 121. Suppose -2*m + 0*m - 5*d - 29 = 0, -7*m - 116 = 3*d. List the prime factors of o(m).
7, 211
Let s = -11 - 110. Let u = 109 - s. List the prime factors of u.
2, 5, 23
List the prime factors of 3/(-42) - (-4856)/(-224)*-174.
2, 23, 41
Let f = -48 + 48. Suppose 5*u + 45 = -f*u. Let m = 14 - u. List the prime factors of m.
23
Let u = 26557 + 2740. What are the prime factors of u?
29297
Let h be (-4 + 7 - 2)*27. Suppose -31*l = -h*l - 1004. Suppose -x - 2*x - 4*z = -l, -4*z - 154 = -2*x. List the prime factors of x.
3
Let f(c) = c**3 + 12*c**2 - 8*c - 1. Let z be f(-13). Let v = 71 + z. Suppose r + 133 = 5*r - 5*w, -v*w = -2*r + 69. List the prime factors of r.
2
Let a = -84 + 142. Let u = a - 55. Suppose -567 = -4*j - u*m - 209, -2*j - m = -180. List the prime factors of j.
7, 13
Let k = 19 - 14. Let i(n) = 10*n + 1 + 12 + 7 - 2. List the prime factors of i(k).
2, 17
Suppose 1082 + 2058 = 4*i. Let v = 1449 - i. What are the prime factors of v?
2, 83
Let v(d) = 41*d - 2. Let n(l) = 82*l - 4. Let j(z) = 2*n(z) - 5*v(z). Let c = -2 + 0. What are the prime factors of j(c)?
2, 3, 7
Let f(s) = 80*s + 1918. List the prime factors of f(67).
2, 3, 1213
Let f = -459 + 2194. Suppose 0*g = 5*g + 5*z - f, -z = 4*g - 1394. What are the prime factors of g?
349
Suppose 5*m - 9 + 2 = 2*f, -2*f = -4*m + 2. Suppose 3052 = 11*n - f*n. List the prime factors of n.
2, 7, 109
Let v(b) = b**3 - 4*b**2 - 12*b - 574. List the prime factors of v(28).
2, 7, 1279
Let q(v) = -8*v**2 + 15*v - 5. Let h be q(2). Let f be (-6)/(-10) + 1010/25. Let l = f + h. What are the prime factors of l?
2, 17
Let u(t) = t**3 + t + 10. Let g be u(3). List the prime factors of 722/6*(g + -34).
2, 19
Let k(d) = -2*d**3 - 46*d**2 + 35*d + 110. What are the prime factors of k(-35)?
5, 5657
List the prime factors of 2051616/76 + 150/2850.
5, 5399
Let c(x) = 2*x. Let o(v) = 3*v - 70. Let p(i) = -4*c(i) - o(i). List the prime factors of p(-29).
389
Let u(y) be the first derivative of y**4/4 - 7*y**3/3 + 3*y**2 - 3*y - 14. Let k be u(6). Let h(z) = 8*z**2 - 4*z + 4. What are the prime factors of h(k)?
2, 11
Let v be -46 - ((-288)/60 - 4/(-5)). List the prime factors of 14/v - (-1942)/3.
647
Let i(l) be the second derivative of -13/2*l**2 - l + 0 - 3/2*l**3 + 1/2*l**4 + 1/20*l**5. List the prime factors of i(-6).
41
Let o(q) = -14*q - 40. Let m be o(-8). Let h be -3*((-176)/m)/(2/3). Let y(w) = w**3 - 10*w**2 - 11*w + 3. List the prime factors of y(h).
3
Suppose 4*k = -n + 25027 + 2091, 27106 = n - 2*k. What are the prime factors of n?
2, 5, 2711
Let y = 4738 - -15672. List the prime factors of y.
2, 5, 13, 157
Suppose 0 = -t - 8 + 81. Suppose -t*u + 173 = -72*u. What are the prime factors of u?
173
Let y = 35 + -36. Let k be -317*(y/(-3))/(4/(-12)). Suppose -2*d = 5*j - 865, -375 = -4*j + 4*d + k. What are the prime factors of j?
173
Let i(m) = -103*m**3 + m + 1. Suppose 9*o - 30 = -o. Suppose -o*y - 9 = -p - p, 3 = p. List the prime factors of i(y).
103
Let j = 348 + -358. Let d(h) = 2*h**2 - 2*h + 35. List the prime factors of d(j).
3, 5, 17
Let g(c) = -c**3 + 11*c**2 + 13*c - 2. Let s be g(12). Let b(t) = 11*t**3 + 3*t + 8*t**2 + 4*t - 5 - s*t**3 + 0*t. List the prime factors of b(-5).
5, 7
Let v = 1101 - 721. Let o be (-5)/((-90)/8) + (-451)/(-99). Suppose 0*t + t - 76 = 3*w, -o*t + v = -5*w. What are the prime factors of t?
2, 19
Suppose -157*x + 521262 = -59*x. List the prime factors of x.
3, 197
Let u(f) = 4*f**3 - 8*f**2 + 16*f - 29. Let o be u(4). Suppose o + 7787 = 10*j. List the prime factors of j.
3, 5, 53
Let x be (0 - -21)/7 + 6. Suppose 13*v - x*v - 1788 = 0. What are the prime factors of v?
3, 149
Let m = 18636 + -3805. List the prime factors of m.
14831
Let s(k) be the second derivative of 14*k**3/3 - 47*k**2 + 74*k. What are the prime factors of s(23)?
2, 5, 11
Let y(u) = u + 3. Let j be y(-1). Suppose -5*z = j*a - a + 17, -5*z - 26 = -2*a. Suppose 2*k - 43 = -h, 2*h = a*k - 2*k + 86. What are the prime factors of h?
43
Let l(t) = 2*t + 10. Let j be l(-9). Let z(k) = 14*k**2 - 7*k + 15. Let g be z(j). Suppose 0 = -s - 0*s + d + 197, -5*s + g = d. List the prime factors of s.
2, 97
Suppose 2*o + 3*o + 4*p - 31 = 0, 5*p - 17 = o. Suppose h + 349 = 5*h + 5*q, -2*h + 169 = -o*q. Suppose 2*g - h = -0. List the prime factors of g.
43
Suppose -7 = 2*z + 3*q + 93, -116 = 3*z - 4*q. Let k = -41 - z. Suppose k*u = j + 167, u + 5*j + 0*j = 29. List the prime factors of u.
2, 3
Let p = -9242 + 15711. What are the prime factors of p?
6469
Suppose 4*c - 5*f - 9529 = 0, -5*c - 19*f + 16*f = -11902. List the prime factors of c.
2381
Let b(p) = -38*p**2 + 15*p + 6. Let c be b(-7). What are the prime factors of -2 - (-9 - -8) - c?
2, 5, 7
Let u = -80360 - -112801. List the prime factors of u.
32441
Suppose -30 = -5*k - 4*j, 6*j = 5*k + 3*j - 30. Let p be -3 + k - (2 - 1). Suppose 202 = u - 5*c, -p*u - 34 + 394 = c. List the prime factors of u.
2, 7, 13
Let l(g) = 2*g**3 - 18*g**2 + 70*g - 749. What are the prime factors of l(19)?
29, 269
Suppose 5*m - 1450 = -85. Suppose 46*r - m = 43*r. List the prime factors of r.
7, 13
Let c(d) = 31*d**2 + 4*d + 5. Let o be c(6). Suppose 0 = 5*j - 1115 - o. List the prime factors of j.
2, 113
Suppose -4*t - 80 = -p, 14*p + 175 = 16*p - 3*t. Suppose 999 + p = n. List the prime factors of n.
1091
Let u be 5/((-2)/(-5) - (-117)/270). Suppose -1267 = -u*y + 1241. Let v = -145 + y. List the prime factors of v.
3, 7, 13
Let p be (-12)/(-3)*((-25)/5 + 6). Let b(z) be the second derivative of z**5/10 - z**4/6 - z**3/3 + 2*z**2 - 5*z. What are the prime factors of b(p)?
2, 23
Suppose -5*d + 4240 = -4*l, 3*d + 0*l - 3*l - 2547 = 0. Let r = d - 366. Let b = -254 + r. List the prime factors of b.
2, 7
Suppose -15*f = -18*f + 2*i + 5827, 7776 = 4*f + 4*i. List the prime factors of f.
29, 67
Suppose 56*s - 36*s - 588833 = -29*s. List the prime factors of s.
61, 197
Let z be ((-6)/9)/(20/(-30)). List the prime factors of ((-2)/3 + z)*(360 - 33).
109
What are the prime factors of -3*640/180*-2472?
2, 103
Suppose -c + 162 = k + 653, -4*c + 4*k = 1972. List the prime factors of 13*c/(-9) - 3/(-9).
3, 79
Let t be 23 + 8/(40/(-35)). Suppose 0 = -t*h + 19*h - 354. What are the prime factors of h?
2, 59
Suppose -3*w - 5*x + 158 = -0*x, 0 = -2*w + 4*x + 98. Suppose 4*d + 2*t - 3760 = 0, 53*d - w*d - 1864 = -5*t. List the prime factors of d.
2, 3, 157
Let x be (-10 + 3 - -1)/(2/75). Let z = x - -445. What are the prime factors of z?
2, 5, 11
Let y(x) be the first derivative of 2*x**3/3 + 6*x**2 - 11*x - 11. Let t be y(-9). Suppose p - 137 = -5*z, z - t + 14 = -p. List the prime factors of z.
3
Let l(f) = f**2 - f - 37. Let r be l(7). Suppose -7*b + 5016 = r*b. List the prime factors of b.
2, 11, 19
Suppose i - 3*f = 3*i - 514, 0 = -3*i - 3*f + 768. Suppose -5*c = -7*c + 4*d + i, -5*c - 3*d = -609. List the prime factors of c.
3, 41
Suppose -2*q - 8 = 0, -3563 = -4*n - q + 2765. Let i = 2249 - n. What are the prime factors of i?
2, 3, 37
Let c(z) = 2350*z + 623. List the prime factors of c(12).
19, 37, 41
Let t = 161 - 161. Suppose t = -2*a - 55*v + 59*v + 1630, -5*a = -4*v - 4081. List the prime factors of a.
19, 43
Let x = -1188 + 1732. Suppose -x = -4*u - 92. List the prime factors of u.
113
Suppose 4*o - 5*l + 1015 = 85, -3*l = -3*o - 699. Let b = 297 + o. List the prime factors of b.
2, 31
Suppose 19*j - 36*j = -85. Suppose -2*b = -u - 2481, 28*b - j*u = 30*b - 2451. What are the prime factors of b?
2, 619
Let s = 196 - -140. Suppose -6*m = -s - 144. What are the prime factors of m?
2, 5
What are the prime factors of 28471/5 - (-3 - (-112)/35)?
2, 3, 13, 73
Let c(g) = -13 + 2*g - 16 + 6 - 19. Let m be c(-8). Let u = m - -227. List the prime factors of u.
13
Let p(m) = 3*m - 3. Let u be p(2). Let o be 4/8*-2 + (-17 - -125). Suppose -2*z + o = u*s, 0 = 2*z - 7*z - 2*s + 273. What are the prime factors of z?
5, 11
Let v be 27/6*1*24. Let o = -39 + v. Suppose -o = -t + 94. List the prime factors of t.
163
List the prime factors of 54739 + -43 + 20 + 5.
54721
Suppose 3*b - 280 - 761 = 0. Let w = b + -76. What are the prime factors of w?
271
Suppose -4*p + 2*d + 2232 = -3084, 6667 = 5*p + 3*d. List the prime factors of p.
11
L